{"id":1783,"date":"2024-12-23T14:53:30","date_gmt":"2024-12-23T14:53:30","guid":{"rendered":"https:\/\/chaville-domiciliation.com\/?page_id=1783"},"modified":"2024-12-23T14:54:06","modified_gmt":"2024-12-23T14:54:06","slug":"politique-de-cookies","status":"publish","type":"page","link":"https:\/\/chaville-domiciliation.com\/societe-de-domiciliation\/politique-de-cookies\/","title":{"rendered":"Politique de cookies"},"content":{"rendered":"\t\t<div data-elementor-type=\"wp-page\" data-elementor-id=\"1783\" class=\"elementor elementor-1783\">\n\t\t\t\t\t\t<section class=\"elementor-section elementor-top-section elementor-element elementor-element-16bb110 elementor-section-height-min-height elementor-section-boxed elementor-section-height-default elementor-section-items-middle wpr-particle-no wpr-jarallax-no wpr-parallax-no wpr-sticky-section-no\" data-id=\"16bb110\" data-element_type=\"section\" data-settings=\"{&quot;background_background&quot;:&quot;classic&quot;,&quot;shape_divider_bottom&quot;:&quot;opacity-tilt&quot;}\">\n\t\t\t\t\t\t\t<div class=\"elementor-background-overlay\"><\/div>\n\t\t\t\t\t\t<div class=\"elementor-shape elementor-shape-bottom\" aria-hidden=\"true\" data-negative=\"false\">\n\t\t\t<svg xmlns=\"http:\/\/www.w3.org\/2000\/svg\" viewBox=\"0 0 2600 131.1\" preserveAspectRatio=\"none\">\n\t<path class=\"elementor-shape-fill\" d=\"M0 0L2600 0 2600 69.1 0 0z\"\/>\n\t<path class=\"elementor-shape-fill\" style=\"opacity:0.5\" d=\"M0 0L2600 0 2600 69.1 0 69.1z\"\/>\n\t<path class=\"elementor-shape-fill\" style=\"opacity:0.25\" d=\"M2600 0L0 0 0 130.1 2600 69.1z\"\/>\n<\/svg>\t\t<\/div>\n\t\t\t\t\t<div class=\"elementor-container elementor-column-gap-default\">\n\t\t\t\t\t<div class=\"elementor-column elementor-col-100 elementor-top-column elementor-element elementor-element-08d4a6d\" data-id=\"08d4a6d\" data-element_type=\"column\">\n\t\t\t<div class=\"elementor-widget-wrap elementor-element-populated\">\n\t\t\t\t\t\t<div class=\"elementor-element elementor-element-4aaef0a elementor-widget elementor-widget-heading\" data-id=\"4aaef0a\" data-element_type=\"widget\" data-widget_type=\"heading.default\">\n\t\t\t\t<div class=\"elementor-widget-container\">\n\t\t\t\t\t<h2 class=\"elementor-heading-title elementor-size-default\">Politique de cookies\n<\/h2>\t\t\t\t<\/div>\n\t\t\t\t<\/div>\n\t\t\t\t<div class=\"elementor-element elementor-element-fbc4177 elementor-widget-divider--view-line elementor-widget elementor-widget-divider\" data-id=\"fbc4177\" data-element_type=\"widget\" data-widget_type=\"divider.default\">\n\t\t\t\t<div class=\"elementor-widget-container\">\n\t\t\t\t\t\t\t<div class=\"elementor-divider\">\n\t\t\t<span class=\"elementor-divider-separator\">\n\t\t\t\t\t\t<\/span>\n\t\t<\/div>\n\t\t\t\t\t\t<\/div>\n\t\t\t\t<\/div>\n\t\t\t\t\t<\/div>\n\t\t<\/div>\n\t\t\t\t\t<\/div>\n\t\t<\/section>\n\t\t\t\t<section class=\"elementor-section elementor-top-section elementor-element elementor-element-45bf894 elementor-section-boxed elementor-section-height-default elementor-section-height-default wpr-particle-no wpr-jarallax-no wpr-parallax-no wpr-sticky-section-no\" data-id=\"45bf894\" data-element_type=\"section\">\n\t\t\t\t\t\t<div class=\"elementor-container elementor-column-gap-default\">\n\t\t\t\t\t<div class=\"elementor-column elementor-col-100 elementor-top-column elementor-element elementor-element-bdff36d\" data-id=\"bdff36d\" data-element_type=\"column\">\n\t\t\t<div class=\"elementor-widget-wrap elementor-element-populated\">\n\t\t\t\t\t\t<div class=\"elementor-element elementor-element-6a54169 elementor-widget elementor-widget-text-editor\" data-id=\"6a54169\" data-element_type=\"widget\" data-widget_type=\"text-editor.default\">\n\t\t\t\t<div class=\"elementor-widget-container\">\n\t\t\t\t\t\t\t\t\t<section id=\"zr6UpY\" class=\"block\" data-v-e8cefd05=\"\"><div class=\"block-layout block-layout--layout\" data-v-e8cefd05=\"\"><div class=\"layout-element layout-element--layout layout-element transition transition--slide\" data-v-9ddc5313=\"\" data-animation-state=\"active\"><div id=\"zrxROb\" class=\"text-box layout-element__component layout-element__component--GridTextBox\" data-v-9ddc5313=\"\" data-qa=\"gridtextbox:zrxrob\"><h5 dir=\"auto\"><strong>1. Introduction<\/strong><\/h5><h5 dir=\"auto\">Chez EECOOL SERVICES, nous utilisons des cookies pour am\u00e9liorer votre exp\u00e9rience sur notre site web [ins\u00e9rer URL du site web]. Cette politique vise \u00e0 expliquer ce que sont les cookies, comment nous les utilisons et comment vous pouvez g\u00e9rer vos pr\u00e9f\u00e9rences.<\/h5><p class=\"body\" dir=\"auto\"><strong>2. Que sont les cookies ?<\/strong> Les cookies sont de petits fichiers texte stock\u00e9s sur votre appareil (ordinateur, tablette ou mobile) lorsque vous visitez certains sites web. Ils sont utilis\u00e9s pour permettre aux sites de fonctionner, ou de fonctionner de mani\u00e8re plus efficace, ainsi que pour fournir des informations aux propri\u00e9taires du site.<\/p><p class=\"body\" dir=\"auto\"><strong>3. Comment utilisons-nous les cookies ?<\/strong> Nous utilisons des cookies pour :<\/p><ul dir=\"auto\"><li><p class=\"body\" dir=\"auto\">Comprendre et sauvegarder les pr\u00e9f\u00e9rences de l\u2019utilisateur pour de futures visites.<\/p><\/li><li><p class=\"body\" dir=\"auto\">Accumuler des donn\u00e9es agr\u00e9g\u00e9es sur le trafic du site et les interactions du site afin d\u2019offrir de meilleures exp\u00e9riences et outils \u00e0 l\u2019avenir. Nous pouvons \u00e9galement utiliser des services tiers de confiance qui suivent ces informations en notre nom.<\/p><\/li><\/ul><p class=\"body\" dir=\"auto\"><strong>4. Quels types de cookies utilisons-nous ?<\/strong><\/p><ul dir=\"auto\"><li><p class=\"body\" dir=\"auto\"><strong>Cookies essentiels<\/strong> : N\u00e9cessaires pour le fonctionnement du site. Ils incluent, par exemple, ceux qui permettent de se connecter \u00e0 des zones s\u00e9curis\u00e9es de notre site web.<\/p><\/li><li><p class=\"body\" dir=\"auto\"><strong>Cookies analytiques\/performance<\/strong> : Permettent de reconna\u00eetre et de compter le nombre de visiteurs et de voir comment les visiteurs se d\u00e9placent sur notre site lorsqu\u2019ils l\u2019utilisent. Cela nous aide \u00e0 am\u00e9liorer la mani\u00e8re dont notre site web fonctionne, par exemple, en nous assurant que les utilisateurs trouvent facilement ce qu\u2019ils cherchent.<\/p><\/li><li><p class=\"body\" dir=\"auto\"><strong>Cookies de fonctionnalit\u00e9<\/strong> : Utilis\u00e9s pour reconna\u00eetre vous lorsque vous revenez sur notre site. Cela nous permet de personnaliser notre contenu pour vous, de vous saluer par votre nom et de nous souvenir de vos pr\u00e9f\u00e9rences.<\/p><\/li><li><p class=\"body\" dir=\"auto\"><strong>Cookies de ciblage<\/strong> : Enregistrent votre visite sur notre site, les pages que vous avez visit\u00e9es et les liens que vous avez suivis. Nous utiliserons ces informations pour rendre notre site web et la publicit\u00e9 affich\u00e9e plus pertinents pour vos int\u00e9r\u00eats.<\/p><\/li><\/ul><p class=\"body\" dir=\"auto\"><strong>5. Comment g\u00e9rer les cookies ?<\/strong> Vous avez le choix de configurer votre navigateur pour refuser tous les cookies ou pour indiquer quand un cookie est envoy\u00e9. Cependant, si vous d\u00e9sactivez les cookies, certaines parties de notre site pourraient ne pas fonctionner correctement.<\/p><p class=\"body\" dir=\"auto\">Pour plus d\u2019informations sur la gestion et la suppression des cookies, visitez <u><a href=\"http:\/\/aboutcookies.org\/\" target=\"_blank\" rel=\"noopener\">aboutcookies.org<\/a><\/u>.<\/p><p class=\"body\" dir=\"auto\"><strong>6. Consentement<\/strong> En utilisant notre site, vous consentez \u00e0 notre utilisation des cookies conform\u00e9ment \u00e0 cette politique de cookies.<\/p><\/div><\/div><\/div><\/section><section id=\"zSiG-O\" class=\"block block--footer\" data-v-e8cefd05=\"\"><\/section>\t\t\t\t\t\t\t\t<\/div>\n\t\t\t\t<\/div>\n\t\t\t\t\t<\/div>\n\t\t<\/div>\n\t\t\t\t\t<\/div>\n\t\t<\/section>\n\t\t\t\t<\/div>\n\t\t","protected":false},"excerpt":{"rendered":"<p>Politique de cookies 1. Introduction Chez EECOOL SERVICES, nous utilisons des cookies pour am\u00e9liorer votre exp\u00e9rience sur notre site web [ins\u00e9rer URL du site web]. Cette politique vise \u00e0 expliquer ce que sont les cookies, comment nous les utilisons et comment vous pouvez g\u00e9rer vos pr\u00e9f\u00e9rences. 2. Que sont les cookies ? Les cookies sont de petits fichiers texte stock\u00e9s sur votre appareil (ordinateur, tablette ou mobile) lorsque vous visitez certains sites web. Ils sont utilis\u00e9s pour permettre aux sites de fonctionner, ou de fonctionner de mani\u00e8re plus efficace, ainsi que pour fournir des informations aux propri\u00e9taires du site. 3. Comment utilisons-nous les cookies ? Nous utilisons des cookies pour : Comprendre et sauvegarder les pr\u00e9f\u00e9rences de l\u2019utilisateur pour de futures visites. Accumuler des donn\u00e9es agr\u00e9g\u00e9es sur le trafic du site et les interactions du site afin d\u2019offrir de meilleures exp\u00e9riences et outils \u00e0 l\u2019avenir. Nous pouvons \u00e9galement utiliser des services tiers de confiance qui suivent ces informations en notre nom. 4. Quels types de cookies utilisons-nous ? Cookies essentiels : N\u00e9cessaires pour le fonctionnement du site. Ils incluent, par exemple, ceux qui permettent de se connecter \u00e0 des zones s\u00e9curis\u00e9es de notre site web. Cookies analytiques\/performance : Permettent de reconna\u00eetre et de compter le nombre de visiteurs et de voir comment les visiteurs se d\u00e9placent sur notre site lorsqu\u2019ils l\u2019utilisent. Cela nous aide \u00e0 am\u00e9liorer la mani\u00e8re dont notre site web fonctionne, par exemple, en nous assurant que les utilisateurs trouvent facilement ce qu\u2019ils cherchent. Cookies de fonctionnalit\u00e9 : Utilis\u00e9s pour reconna\u00eetre vous lorsque vous revenez sur notre site. Cela nous permet de personnaliser notre contenu pour vous, de vous saluer par votre nom et de nous souvenir de vos pr\u00e9f\u00e9rences. Cookies de ciblage : Enregistrent votre visite sur notre site, les pages que vous avez visit\u00e9es et les liens que vous avez suivis. Nous utiliserons ces informations pour rendre notre site web et la publicit\u00e9 affich\u00e9e plus pertinents pour vos int\u00e9r\u00eats. 5. Comment g\u00e9rer les cookies ? Vous avez le choix de configurer votre navigateur pour refuser tous les cookies ou pour indiquer quand un cookie est envoy\u00e9. Cependant, si vous d\u00e9sactivez les cookies, certaines parties de notre site pourraient ne pas fonctionner correctement. Pour plus d\u2019informations sur la gestion et la suppression des cookies, visitez aboutcookies.org. 6. Consentement En utilisant notre site, vous consentez \u00e0 notre utilisation des cookies conform\u00e9ment \u00e0 cette politique de cookies.<\/p>\n","protected":false},"author":1,"featured_media":0,"parent":0,"menu_order":0,"comment_status":"closed","ping_status":"closed","template":"elementor_canvas","meta":{"two_page_speed":[],"footnotes":""},"class_list":["post-1783","page","type-page","status-publish","hentry"],"yoast_head":"<!-- This site is optimized with the Yoast SEO plugin v26.4 - https:\/\/yoast.com\/wordpress\/plugins\/seo\/ -->\n<title>Politique de cookies - soci\u00e9t\u00e9 de domiciliation<\/title>\n<meta name=\"robots\" content=\"index, follow, max-snippet:-1, max-image-preview:large, max-video-preview:-1\" \/>\n<link rel=\"canonical\" href=\"https:\/\/chaville-domiciliation.com\/societe-de-domiciliation\/politique-de-cookies\/\" \/>\n<meta property=\"og:locale\" content=\"fr_FR\" \/>\n<meta property=\"og:type\" content=\"article\" \/>\n<meta property=\"og:title\" content=\"Politique de cookies - soci\u00e9t\u00e9 de domiciliation\" \/>\n<meta property=\"og:description\" content=\"Politique de cookies 1. Introduction Chez EECOOL SERVICES, nous utilisons des cookies pour am\u00e9liorer votre exp\u00e9rience sur notre site web [ins\u00e9rer URL du site web]. Cette politique vise \u00e0 expliquer ce que sont les cookies, comment nous les utilisons et comment vous pouvez g\u00e9rer vos pr\u00e9f\u00e9rences. 2. Que sont les cookies ? Les cookies sont de petits fichiers texte stock\u00e9s sur votre appareil (ordinateur, tablette ou mobile) lorsque vous visitez certains sites web. Ils sont utilis\u00e9s pour permettre aux sites de fonctionner, ou de fonctionner de mani\u00e8re plus efficace, ainsi que pour fournir des informations aux propri\u00e9taires du site. 3. Comment utilisons-nous les cookies ? Nous utilisons des cookies pour : Comprendre et sauvegarder les pr\u00e9f\u00e9rences de l\u2019utilisateur pour de futures visites. Accumuler des donn\u00e9es agr\u00e9g\u00e9es sur le trafic du site et les interactions du site afin d\u2019offrir de meilleures exp\u00e9riences et outils \u00e0 l\u2019avenir. Nous pouvons \u00e9galement utiliser des services tiers de confiance qui suivent ces informations en notre nom. 4. Quels types de cookies utilisons-nous ? Cookies essentiels : N\u00e9cessaires pour le fonctionnement du site. Ils incluent, par exemple, ceux qui permettent de se connecter \u00e0 des zones s\u00e9curis\u00e9es de notre site web. Cookies analytiques\/performance : Permettent de reconna\u00eetre et de compter le nombre de visiteurs et de voir comment les visiteurs se d\u00e9placent sur notre site lorsqu\u2019ils l\u2019utilisent. Cela nous aide \u00e0 am\u00e9liorer la mani\u00e8re dont notre site web fonctionne, par exemple, en nous assurant que les utilisateurs trouvent facilement ce qu\u2019ils cherchent. Cookies de fonctionnalit\u00e9 : Utilis\u00e9s pour reconna\u00eetre vous lorsque vous revenez sur notre site. Cela nous permet de personnaliser notre contenu pour vous, de vous saluer par votre nom et de nous souvenir de vos pr\u00e9f\u00e9rences. Cookies de ciblage : Enregistrent votre visite sur notre site, les pages que vous avez visit\u00e9es et les liens que vous avez suivis. Nous utiliserons ces informations pour rendre notre site web et la publicit\u00e9 affich\u00e9e plus pertinents pour vos int\u00e9r\u00eats. 5. Comment g\u00e9rer les cookies ? Vous avez le choix de configurer votre navigateur pour refuser tous les cookies ou pour indiquer quand un cookie est envoy\u00e9. Cependant, si vous d\u00e9sactivez les cookies, certaines parties de notre site pourraient ne pas fonctionner correctement. Pour plus d\u2019informations sur la gestion et la suppression des cookies, visitez aboutcookies.org. 6. Consentement En utilisant notre site, vous consentez \u00e0 notre utilisation des cookies conform\u00e9ment \u00e0 cette politique de cookies.\" \/>\n<meta property=\"og:url\" content=\"https:\/\/chaville-domiciliation.com\/societe-de-domiciliation\/politique-de-cookies\/\" \/>\n<meta property=\"og:site_name\" content=\"soci\u00e9t\u00e9 de domiciliation\" \/>\n<meta property=\"article:publisher\" content=\"https:\/\/web.facebook.com\/profile.php?id=61560670781796&amp;locale=fr_FR\" \/>\n<meta property=\"article:modified_time\" content=\"2024-12-23T14:54:06+00:00\" \/>\n<meta name=\"twitter:card\" content=\"summary_large_image\" \/>\n<meta name=\"twitter:label1\" content=\"Dur\u00e9e de lecture est.\" \/>\n\t<meta name=\"twitter:data1\" content=\"2 minutes\" \/>\n<script type=\"application\/ld+json\" class=\"yoast-schema-graph\">{\"@context\":\"https:\/\/schema.org\",\"@graph\":[{\"@type\":\"WebPage\",\"@id\":\"https:\/\/chaville-domiciliation.com\/societe-de-domiciliation\/politique-de-cookies\/\",\"url\":\"https:\/\/chaville-domiciliation.com\/societe-de-domiciliation\/politique-de-cookies\/\",\"name\":\"Politique de cookies - soci\u00e9t\u00e9 de domiciliation\",\"isPartOf\":{\"@id\":\"https:\/\/chaville-domiciliation.com\/societe-de-domiciliation\/#website\"},\"datePublished\":\"2024-12-23T14:53:30+00:00\",\"dateModified\":\"2024-12-23T14:54:06+00:00\",\"breadcrumb\":{\"@id\":\"https:\/\/chaville-domiciliation.com\/societe-de-domiciliation\/politique-de-cookies\/#breadcrumb\"},\"inLanguage\":\"fr-BE\",\"potentialAction\":[{\"@type\":\"ReadAction\",\"target\":[\"https:\/\/chaville-domiciliation.com\/societe-de-domiciliation\/politique-de-cookies\/\"]}]},{\"@type\":\"BreadcrumbList\",\"@id\":\"https:\/\/chaville-domiciliation.com\/societe-de-domiciliation\/politique-de-cookies\/#breadcrumb\",\"itemListElement\":[{\"@type\":\"ListItem\",\"position\":1,\"name\":\"Accueil\",\"item\":\"https:\/\/chaville-domiciliation.com\/societe-de-domiciliation\/\"},{\"@type\":\"ListItem\",\"position\":2,\"name\":\"Politique de cookies\"}]},{\"@type\":\"WebSite\",\"@id\":\"https:\/\/chaville-domiciliation.com\/societe-de-domiciliation\/#website\",\"url\":\"https:\/\/chaville-domiciliation.com\/societe-de-domiciliation\/\",\"name\":\"soci\u00e9t\u00e9 de domiciliation\",\"description\":\"soci\u00e9t\u00e9 de domiciliation 92\",\"publisher\":{\"@id\":\"https:\/\/chaville-domiciliation.com\/societe-de-domiciliation\/#organization\"},\"alternateName\":\"soci\u00e9t\u00e9 de domiciliation 92\",\"potentialAction\":[{\"@type\":\"SearchAction\",\"target\":{\"@type\":\"EntryPoint\",\"urlTemplate\":\"https:\/\/chaville-domiciliation.com\/societe-de-domiciliation\/?s={search_term_string}\"},\"query-input\":{\"@type\":\"PropertyValueSpecification\",\"valueRequired\":true,\"valueName\":\"search_term_string\"}}],\"inLanguage\":\"fr-BE\"},{\"@type\":\"Organization\",\"@id\":\"https:\/\/chaville-domiciliation.com\/societe-de-domiciliation\/#organization\",\"name\":\"soci\u00e9t\u00e9 de domiciliation\",\"alternateName\":\"soci\u00e9t\u00e9 de domiciliation\",\"url\":\"https:\/\/chaville-domiciliation.com\/societe-de-domiciliation\/\",\"logo\":{\"@type\":\"ImageObject\",\"inLanguage\":\"fr-BE\",\"@id\":\"https:\/\/chaville-domiciliation.com\/societe-de-domiciliation\/#\/schema\/logo\/image\/\",\"url\":\"https:\/\/chaville-domiciliation.com\/wp-content\/uploads\/2024\/12\/cropped-cropped-cropped-logo_eecool-dJoJ1Vjpo6i6vq3E.png\",\"contentUrl\":\"https:\/\/chaville-domiciliation.com\/wp-content\/uploads\/2024\/12\/cropped-cropped-cropped-logo_eecool-dJoJ1Vjpo6i6vq3E.png\",\"width\":512,\"height\":512,\"caption\":\"soci\u00e9t\u00e9 de domiciliation\"},\"image\":{\"@id\":\"https:\/\/chaville-domiciliation.com\/societe-de-domiciliation\/#\/schema\/logo\/image\/\"},\"sameAs\":[\"https:\/\/web.facebook.com\/profile.php?id=61560670781796&locale=fr_FR\"]}]}<\/script>\n<!-- \/ Yoast SEO plugin. -->","yoast_head_json":{"title":"Politique de cookies - soci\u00e9t\u00e9 de domiciliation","robots":{"index":"index","follow":"follow","max-snippet":"max-snippet:-1","max-image-preview":"max-image-preview:large","max-video-preview":"max-video-preview:-1"},"canonical":"https:\/\/chaville-domiciliation.com\/societe-de-domiciliation\/politique-de-cookies\/","og_locale":"fr_FR","og_type":"article","og_title":"Politique de cookies - soci\u00e9t\u00e9 de domiciliation","og_description":"Politique de cookies 1. Introduction Chez EECOOL SERVICES, nous utilisons des cookies pour am\u00e9liorer votre exp\u00e9rience sur notre site web [ins\u00e9rer URL du site web]. Cette politique vise \u00e0 expliquer ce que sont les cookies, comment nous les utilisons et comment vous pouvez g\u00e9rer vos pr\u00e9f\u00e9rences. 2. Que sont les cookies ? Les cookies sont de petits fichiers texte stock\u00e9s sur votre appareil (ordinateur, tablette ou mobile) lorsque vous visitez certains sites web. Ils sont utilis\u00e9s pour permettre aux sites de fonctionner, ou de fonctionner de mani\u00e8re plus efficace, ainsi que pour fournir des informations aux propri\u00e9taires du site. 3. Comment utilisons-nous les cookies ? Nous utilisons des cookies pour : Comprendre et sauvegarder les pr\u00e9f\u00e9rences de l\u2019utilisateur pour de futures visites. Accumuler des donn\u00e9es agr\u00e9g\u00e9es sur le trafic du site et les interactions du site afin d\u2019offrir de meilleures exp\u00e9riences et outils \u00e0 l\u2019avenir. Nous pouvons \u00e9galement utiliser des services tiers de confiance qui suivent ces informations en notre nom. 4. Quels types de cookies utilisons-nous ? Cookies essentiels : N\u00e9cessaires pour le fonctionnement du site. Ils incluent, par exemple, ceux qui permettent de se connecter \u00e0 des zones s\u00e9curis\u00e9es de notre site web. Cookies analytiques\/performance : Permettent de reconna\u00eetre et de compter le nombre de visiteurs et de voir comment les visiteurs se d\u00e9placent sur notre site lorsqu\u2019ils l\u2019utilisent. Cela nous aide \u00e0 am\u00e9liorer la mani\u00e8re dont notre site web fonctionne, par exemple, en nous assurant que les utilisateurs trouvent facilement ce qu\u2019ils cherchent. Cookies de fonctionnalit\u00e9 : Utilis\u00e9s pour reconna\u00eetre vous lorsque vous revenez sur notre site. Cela nous permet de personnaliser notre contenu pour vous, de vous saluer par votre nom et de nous souvenir de vos pr\u00e9f\u00e9rences. Cookies de ciblage : Enregistrent votre visite sur notre site, les pages que vous avez visit\u00e9es et les liens que vous avez suivis. Nous utiliserons ces informations pour rendre notre site web et la publicit\u00e9 affich\u00e9e plus pertinents pour vos int\u00e9r\u00eats. 5. Comment g\u00e9rer les cookies ? Vous avez le choix de configurer votre navigateur pour refuser tous les cookies ou pour indiquer quand un cookie est envoy\u00e9. Cependant, si vous d\u00e9sactivez les cookies, certaines parties de notre site pourraient ne pas fonctionner correctement. Pour plus d\u2019informations sur la gestion et la suppression des cookies, visitez aboutcookies.org. 6. Consentement En utilisant notre site, vous consentez \u00e0 notre utilisation des cookies conform\u00e9ment \u00e0 cette politique de cookies.","og_url":"https:\/\/chaville-domiciliation.com\/societe-de-domiciliation\/politique-de-cookies\/","og_site_name":"soci\u00e9t\u00e9 de domiciliation","article_publisher":"https:\/\/web.facebook.com\/profile.php?id=61560670781796&locale=fr_FR","article_modified_time":"2024-12-23T14:54:06+00:00","twitter_card":"summary_large_image","twitter_misc":{"Dur\u00e9e de lecture est.":"2 minutes"},"schema":{"@context":"https:\/\/schema.org","@graph":[{"@type":"WebPage","@id":"https:\/\/chaville-domiciliation.com\/societe-de-domiciliation\/politique-de-cookies\/","url":"https:\/\/chaville-domiciliation.com\/societe-de-domiciliation\/politique-de-cookies\/","name":"Politique de cookies - soci\u00e9t\u00e9 de domiciliation","isPartOf":{"@id":"https:\/\/chaville-domiciliation.com\/societe-de-domiciliation\/#website"},"datePublished":"2024-12-23T14:53:30+00:00","dateModified":"2024-12-23T14:54:06+00:00","breadcrumb":{"@id":"https:\/\/chaville-domiciliation.com\/societe-de-domiciliation\/politique-de-cookies\/#breadcrumb"},"inLanguage":"fr-BE","potentialAction":[{"@type":"ReadAction","target":["https:\/\/chaville-domiciliation.com\/societe-de-domiciliation\/politique-de-cookies\/"]}]},{"@type":"BreadcrumbList","@id":"https:\/\/chaville-domiciliation.com\/societe-de-domiciliation\/politique-de-cookies\/#breadcrumb","itemListElement":[{"@type":"ListItem","position":1,"name":"Accueil","item":"https:\/\/chaville-domiciliation.com\/societe-de-domiciliation\/"},{"@type":"ListItem","position":2,"name":"Politique de cookies"}]},{"@type":"WebSite","@id":"https:\/\/chaville-domiciliation.com\/societe-de-domiciliation\/#website","url":"https:\/\/chaville-domiciliation.com\/societe-de-domiciliation\/","name":"soci\u00e9t\u00e9 de domiciliation","description":"soci\u00e9t\u00e9 de domiciliation 92","publisher":{"@id":"https:\/\/chaville-domiciliation.com\/societe-de-domiciliation\/#organization"},"alternateName":"soci\u00e9t\u00e9 de domiciliation 92","potentialAction":[{"@type":"SearchAction","target":{"@type":"EntryPoint","urlTemplate":"https:\/\/chaville-domiciliation.com\/societe-de-domiciliation\/?s={search_term_string}"},"query-input":{"@type":"PropertyValueSpecification","valueRequired":true,"valueName":"search_term_string"}}],"inLanguage":"fr-BE"},{"@type":"Organization","@id":"https:\/\/chaville-domiciliation.com\/societe-de-domiciliation\/#organization","name":"soci\u00e9t\u00e9 de domiciliation","alternateName":"soci\u00e9t\u00e9 de domiciliation","url":"https:\/\/chaville-domiciliation.com\/societe-de-domiciliation\/","logo":{"@type":"ImageObject","inLanguage":"fr-BE","@id":"https:\/\/chaville-domiciliation.com\/societe-de-domiciliation\/#\/schema\/logo\/image\/","url":"https:\/\/chaville-domiciliation.com\/wp-content\/uploads\/2024\/12\/cropped-cropped-cropped-logo_eecool-dJoJ1Vjpo6i6vq3E.png","contentUrl":"https:\/\/chaville-domiciliation.com\/wp-content\/uploads\/2024\/12\/cropped-cropped-cropped-logo_eecool-dJoJ1Vjpo6i6vq3E.png","width":512,"height":512,"caption":"soci\u00e9t\u00e9 de domiciliation"},"image":{"@id":"https:\/\/chaville-domiciliation.com\/societe-de-domiciliation\/#\/schema\/logo\/image\/"},"sameAs":["https:\/\/web.facebook.com\/profile.php?id=61560670781796&locale=fr_FR"]}]}},"_hostinger_reach_plugin_has_subscription_block":false,"_hostinger_reach_plugin_is_elementor":false,"_links":{"self":[{"href":"https:\/\/chaville-domiciliation.com\/societe-de-domiciliation\/wp-json\/wp\/v2\/pages\/1783","targetHints":{"allow":["GET"]}}],"collection":[{"href":"https:\/\/chaville-domiciliation.com\/societe-de-domiciliation\/wp-json\/wp\/v2\/pages"}],"about":[{"href":"https:\/\/chaville-domiciliation.com\/societe-de-domiciliation\/wp-json\/wp\/v2\/types\/page"}],"author":[{"embeddable":true,"href":"https:\/\/chaville-domiciliation.com\/societe-de-domiciliation\/wp-json\/wp\/v2\/users\/1"}],"replies":[{"embeddable":true,"href":"https:\/\/chaville-domiciliation.com\/societe-de-domiciliation\/wp-json\/wp\/v2\/comments?post=1783"}],"version-history":[{"count":4,"href":"https:\/\/chaville-domiciliation.com\/societe-de-domiciliation\/wp-json\/wp\/v2\/pages\/1783\/revisions"}],"predecessor-version":[{"id":1787,"href":"https:\/\/chaville-domiciliation.com\/societe-de-domiciliation\/wp-json\/wp\/v2\/pages\/1783\/revisions\/1787"}],"wp:attachment":[{"href":"https:\/\/chaville-domiciliation.com\/societe-de-domiciliation\/wp-json\/wp\/v2\/media?parent=1783"}],"curies":[{"name":"wp","href":"https:\/\/api.w.org\/{rel}","templated":true}]}}